{"id":46,"date":"2017-07-05T17:53:37","date_gmt":"2017-07-05T17:53:37","guid":{"rendered":"http:\/\/handmitherz-massagen.ch\/?page_id=46"},"modified":"2022-05-10T05:05:03","modified_gmt":"2022-05-10T05:05:03","slug":"ueber-mich","status":"publish","type":"page","link":"https:\/\/handmitherz-massagen.ch\/?page_id=46","title":{"rendered":"\u00dcber mich"},"content":{"rendered":"<div id=\"pl-46\"  class=\"panel-layout\" ><div id=\"pg-46-0\"  class=\"panel-grid panel-no-style\" ><div id=\"pgc-46-0-0\"  class=\"panel-grid-cell\" ><div id=\"panel-46-0-0-0\" class=\"so-panel widget widget_sow-editor panel-first-child panel-last-child\" data-index=\"0\" ><div class=\"so-widget-sow-editor so-widget-sow-editor-base\">\n<div class=\"siteorigin-widget-tinymce textwidget\">\n\t<p>Petra Kl\u00e4y, geboren 5. Mai 1985, dipl. Berufsmasseurin mit 10-j\u00e4hriger Erfahrung als Masseurin; urspr\u00fcnglich gelernter Beruf: eidg. dipl. Konditor-Confiseurin<\/p>\n<p><strong><br \/>\nBerufliche Laufbahn<\/strong><\/p>\n<p>Ausbildungen im Bodyfeet Thun, Fachschule f\u00fcr Naturheilkunde und manuelle Therapie:<\/p>\n<ul>\n<li>Diplom Fussreflexzonentherapeutin 2018<\/li>\n<li>Kursausweis Hot-Stone Massage 2017<\/li>\n<li>Diplom Fussreflexzonenmasseurin 2017<\/li>\n<li>Kursausweis Sportmassage 2016<\/li>\n<li>Kursausweis Schr\u00f6pfen 2015<\/li>\n<li>Kursausweis Therapieren nach Dorn-Methode 2014<\/li>\n<li>Diplom Berufsmasseurin 2012 \/ mit Qualit\u00e4tslabel des EMR f\u00fcr Krankenkassenanerkennung<\/li>\n<li>Diplom Gesundheitsmasseurin 2010<\/li>\n<\/ul>\n<p>&nbsp;<\/p>\n<ul>\n<li>Dipl. Konditor-Confiseurin 2006<\/li>\n<\/ul>\n<p><strong><br \/>\nVerband<\/strong><\/p>\n<p>Schweizerischer Verband der Berufs-Masseure (SVBM)<\/p>\n<p><strong><br \/>\nWeiterbildungen<\/strong><\/p>\n<p>J\u00e4hrlich in verschiedenen Bereichen der Therapie<\/p>\n<\/div>\n<\/div><\/div><\/div><div id=\"pgc-46-0-1\"  class=\"panel-grid-cell\" ><div id=\"panel-46-0-1-0\" class=\"so-panel widget widget_sow-image panel-first-child panel-last-child\" data-index=\"1\" ><div class=\"so-widget-sow-image so-widget-sow-image-default-17bc2272b535\">\n\n<div class=\"sow-image-container\">\n\t<img src=\"https:\/\/handmitherz-massagen.ch\/wp-content\/uploads\/2017\/07\/Petra-272x182.jpg\" width=\"272\" height=\"182\" srcset=\"https:\/\/handmitherz-massagen.ch\/wp-content\/uploads\/2017\/07\/Petra-272x182.jpg 272w, https:\/\/handmitherz-massagen.ch\/wp-content\/uploads\/2017\/07\/Petra-300x201.jpg 300w, https:\/\/handmitherz-massagen.ch\/wp-content\/uploads\/2017\/07\/Petra-768x514.jpg 768w, https:\/\/handmitherz-massagen.ch\/wp-content\/uploads\/2017\/07\/Petra-1024x685.jpg 1024w\" sizes=\"(max-width: 272px) 100vw, 272px\" title=\"OLYMPUS DIGITAL CAMERA\" alt=\"\" \t\tclass=\"so-widget-image\"\/>\n<\/div>\n\n<\/div><\/div><\/div><\/div><\/div>","protected":false},"excerpt":{"rendered":"<p>Petra Kl\u00e4y, geboren 5. Mai 1985, dipl. Berufsmasseurin mit 10-j\u00e4hriger Erfahrung als Masseurin; urspr\u00fcnglich gelernter Beruf: eidg. dipl. Konditor-Confiseurin Berufliche Laufbahn Ausbildungen im Bodyfeet Thun, Fachschule f\u00fcr Naturheilkunde und manuelle Therapie: Diplom Fussreflexzonentherapeutin 2018 Kursausweis Hot-Stone Massage 2017 Diplom Fussreflexzonenmasseurin &hellip; <a href=\"https:\/\/handmitherz-massagen.ch\/?page_id=46\">Weiter<\/a><\/p>\n","protected":false},"author":1,"featured_media":0,"parent":0,"menu_order":0,"comment_status":"closed","ping_status":"closed","template":"page-fullwidth.php","meta":[],"_links":{"self":[{"href":"https:\/\/handmitherz-massagen.ch\/index.php?rest_route=\/wp\/v2\/pages\/46"}],"collection":[{"href":"https:\/\/handmitherz-massagen.ch\/index.php?rest_route=\/wp\/v2\/pages"}],"about":[{"href":"https:\/\/handmitherz-massagen.ch\/index.php?rest_route=\/wp\/v2\/types\/page"}],"author":[{"embeddable":true,"href":"https:\/\/handmitherz-massagen.ch\/index.php?rest_route=\/wp\/v2\/users\/1"}],"replies":[{"embeddable":true,"href":"https:\/\/handmitherz-massagen.ch\/index.php?rest_route=%2Fwp%2Fv2%2Fcomments&post=46"}],"version-history":[{"count":42,"href":"https:\/\/handmitherz-massagen.ch\/index.php?rest_route=\/wp\/v2\/pages\/46\/revisions"}],"predecessor-version":[{"id":675,"href":"https:\/\/handmitherz-massagen.ch\/index.php?rest_route=\/wp\/v2\/pages\/46\/revisions\/675"}],"wp:attachment":[{"href":"https:\/\/handmitherz-massagen.ch\/index.php?rest_route=%2Fwp%2Fv2%2Fmedia&parent=46"}],"curies":[{"name":"wp","href":"https:\/\/api.w.org\/{rel}","templated":true}]}}