{"id":32,"date":"2017-07-05T15:44:08","date_gmt":"2017-07-05T15:44:08","guid":{"rendered":"http:\/\/handmitherz-massagen.ch\/?page_id=32"},"modified":"2017-12-02T13:26:49","modified_gmt":"2017-12-02T13:26:49","slug":"kosten","status":"publish","type":"page","link":"https:\/\/handmitherz-massagen.ch\/?page_id=32","title":{"rendered":"Kosten"},"content":{"rendered":"<div id=\"pl-32\"  class=\"panel-layout\" ><div id=\"pg-32-0\"  class=\"panel-grid panel-no-style\" ><div id=\"pgc-32-0-0\"  class=\"panel-grid-cell\" ><div id=\"panel-32-0-0-0\" class=\"so-panel widget widget_sow-editor panel-first-child panel-last-child\" data-index=\"0\" ><div class=\"so-widget-sow-editor so-widget-sow-editor-base\">\n<div class=\"siteorigin-widget-tinymce textwidget\">\n\t<p><strong>F\u00fcr Kunden, welche \u00fcber die Zusatzversicherung der Krankenkasse abrechnen k\u00f6nnen<\/strong><\/p>\n<p>60 Min. \/ CHF 110.- <br \/> 30 Min. \/ CHF \u00a060.-<\/p>\n<p><strong>F\u00fcr Kunden, welche keine Zusatzversicherung haben oder selber bezahlen m\u00f6chten<\/strong><\/p>\n<p>60 Min. \/ CHF \u00a090.- <br \/> 30 Min. \/ CHF \u00a050.-<\/p>\n<p>Die Behandlungskosten sind direkt nach jeder Konsultation in bar zu begleichen. F\u00fcr die Abrechnung mit der Krankenkasse wird Ihnen <br \/>eine entsprechende Best\u00e4tigung ausgestellt. Meine Massagen werden von den meisten Krankenkassen anerkannt.<\/p>\n<p>Vereinbarte Termine sind verbindlich. Bitte im Verhinderungsfall 24 Std. davor abmelden, <br \/>damit die reservierte Zeit nicht verrechnet werden muss.<\/p>\n<\/div>\n<\/div><\/div><\/div><\/div><\/div>","protected":false},"excerpt":{"rendered":"<p>F\u00fcr Kunden, welche \u00fcber die Zusatzversicherung der Krankenkasse abrechnen k\u00f6nnen 60 Min. \/ CHF 110.- 30 Min. \/ CHF \u00a060.- F\u00fcr Kunden, welche keine Zusatzversicherung haben oder selber bezahlen m\u00f6chten 60 Min. \/ CHF \u00a090.- 30 Min. \/ CHF \u00a050.- &hellip; <a href=\"https:\/\/handmitherz-massagen.ch\/?page_id=32\">Weiter<\/a><\/p>\n","protected":false},"author":1,"featured_media":0,"parent":0,"menu_order":0,"comment_status":"closed","ping_status":"closed","template":"page-fullwidth.php","meta":[],"_links":{"self":[{"href":"https:\/\/handmitherz-massagen.ch\/index.php?rest_route=\/wp\/v2\/pages\/32"}],"collection":[{"href":"https:\/\/handmitherz-massagen.ch\/index.php?rest_route=\/wp\/v2\/pages"}],"about":[{"href":"https:\/\/handmitherz-massagen.ch\/index.php?rest_route=\/wp\/v2\/types\/page"}],"author":[{"embeddable":true,"href":"https:\/\/handmitherz-massagen.ch\/index.php?rest_route=\/wp\/v2\/users\/1"}],"replies":[{"embeddable":true,"href":"https:\/\/handmitherz-massagen.ch\/index.php?rest_route=%2Fwp%2Fv2%2Fcomments&post=32"}],"version-history":[{"count":15,"href":"https:\/\/handmitherz-massagen.ch\/index.php?rest_route=\/wp\/v2\/pages\/32\/revisions"}],"predecessor-version":[{"id":573,"href":"https:\/\/handmitherz-massagen.ch\/index.php?rest_route=\/wp\/v2\/pages\/32\/revisions\/573"}],"wp:attachment":[{"href":"https:\/\/handmitherz-massagen.ch\/index.php?rest_route=%2Fwp%2Fv2%2Fmedia&parent=32"}],"curies":[{"name":"wp","href":"https:\/\/api.w.org\/{rel}","templated":true}]}}