{"id":21,"date":"2017-07-05T15:33:51","date_gmt":"2017-07-05T15:33:51","guid":{"rendered":"http:\/\/handmitherz-massagen.ch\/?page_id=21"},"modified":"2022-05-10T05:10:55","modified_gmt":"2022-05-10T05:10:55","slug":"therapieangebot","status":"publish","type":"page","link":"https:\/\/handmitherz-massagen.ch\/?page_id=21","title":{"rendered":"Therapieangebot"},"content":{"rendered":"<div id=\"pl-21\"  class=\"panel-layout\" ><div id=\"pg-21-0\"  class=\"panel-grid panel-no-style\" ><div id=\"pgc-21-0-0\"  class=\"panel-grid-cell\" ><div id=\"panel-21-0-0-0\" class=\"so-panel widget widget_sow-image panel-first-child\" data-index=\"0\" ><div class=\"so-widget-sow-image so-widget-sow-image-default-d6014b76747a\">\n\n<div class=\"sow-image-container\">\n\t<img src=\"https:\/\/handmitherz-massagen.ch\/wp-content\/uploads\/2017\/12\/Klassische-Massage_ohne-FS-272x182.jpg\" width=\"272\" height=\"182\" srcset=\"https:\/\/handmitherz-massagen.ch\/wp-content\/uploads\/2017\/12\/Klassische-Massage_ohne-FS-272x182.jpg 272w, https:\/\/handmitherz-massagen.ch\/wp-content\/uploads\/2017\/12\/Klassische-Massage_ohne-FS-300x201.jpg 300w, https:\/\/handmitherz-massagen.ch\/wp-content\/uploads\/2017\/12\/Klassische-Massage_ohne-FS-768x514.jpg 768w, https:\/\/handmitherz-massagen.ch\/wp-content\/uploads\/2017\/12\/Klassische-Massage_ohne-FS-1024x685.jpg 1024w\" sizes=\"(max-width: 272px) 100vw, 272px\" title=\"OLYMPUS DIGITAL CAMERA\" alt=\"\" \t\tclass=\"so-widget-image\"\/>\n<\/div>\n\n<\/div><\/div><div id=\"panel-21-0-0-1\" class=\"so-panel widget widget_sow-editor panel-last-child\" data-index=\"1\" ><div class=\"so-widget-sow-editor so-widget-sow-editor-base\">\n<div class=\"siteorigin-widget-tinymce textwidget\">\n\t<p><strong>Klassische Massage neu mit energetischen Teilen<\/strong><\/p>\n<p>Die klassische Massage wird zur Vorbeugung und Behandlung von Erkrankungen des Bewegungsapparates eingesetzt.<\/p>\n<div class=\"bg-margin-for-link\"><input type='hidden' bg_collapse_expand='69e5a2949aa821082448095' value='69e5a2949aa821082448095'><input type='hidden' id='bg-show-more-text-69e5a2949aa821082448095' value='Mehr'><input type='hidden' id='bg-show-less-text-69e5a2949aa821082448095' value='Weniger'><a id='bg-showmore-action-69e5a2949aa821082448095' class='bg-showmore-plg-link bg-arrow '  style=\" color:#4a4949;;\" href='#'>Mehr<\/a><\/p>\n<div id='bg-showmore-hidden-69e5a2949aa821082448095' >Mit dieser Massage wird verkrampfte Muskulatur gedehnt und entspannt. Die lokale Durchblutung wird gesteigert und der Zellstoffwechsel angeregt. Dadurch werden auch Schmerzen, die durch Verspannungen entstehen, beseitigt. Zum anderen \u00fcbt die Massage einen positiven Einfluss auf den Herzschlag, den Blutdruck, die Atmung und die Verdauung aus und f\u00f6rdert so die Entspannung und das Wohlbefinden.<\/p>\n<\/div>\n<\/div>\n<\/div>\n<\/div><\/div><\/div><div id=\"pgc-21-0-1\"  class=\"panel-grid-cell\" ><div id=\"panel-21-0-1-0\" class=\"so-panel widget widget_sow-image panel-first-child\" data-index=\"2\" ><div class=\"so-widget-sow-image so-widget-sow-image-default-d6014b76747a\">\n\n<div class=\"sow-image-container\">\n\t<img src=\"https:\/\/handmitherz-massagen.ch\/wp-content\/uploads\/2017\/12\/Schr\u00f6pfen_ohne-FS-272x182.jpg\" width=\"272\" height=\"182\" srcset=\"https:\/\/handmitherz-massagen.ch\/wp-content\/uploads\/2017\/12\/Schr\u00f6pfen_ohne-FS-272x182.jpg 272w, https:\/\/handmitherz-massagen.ch\/wp-content\/uploads\/2017\/12\/Schr\u00f6pfen_ohne-FS-300x201.jpg 300w, https:\/\/handmitherz-massagen.ch\/wp-content\/uploads\/2017\/12\/Schr\u00f6pfen_ohne-FS-768x514.jpg 768w, https:\/\/handmitherz-massagen.ch\/wp-content\/uploads\/2017\/12\/Schr\u00f6pfen_ohne-FS-1024x685.jpg 1024w\" sizes=\"(max-width: 272px) 100vw, 272px\" title=\"OLYMPUS DIGITAL CAMERA\" alt=\"\" \t\tclass=\"so-widget-image\"\/>\n<\/div>\n\n<\/div><\/div><div id=\"panel-21-0-1-1\" class=\"so-panel widget widget_sow-editor panel-last-child\" data-index=\"3\" ><div class=\"so-widget-sow-editor so-widget-sow-editor-base\">\n<div class=\"siteorigin-widget-tinymce textwidget\">\n\t<p><strong>Schr\u00f6pfen<\/strong><\/p>\n<p>Schr\u00f6pfen ist eine wirksame M\u00f6glichkeit der Naturheilmedizin gegen viele Krankheiten oder Beschwerden. <\/p>\n<div class=\"bg-margin-for-link\"><input type='hidden' bg_collapse_expand='69e5a2949adef4034956434' value='69e5a2949adef4034956434'><input type='hidden' id='bg-show-more-text-69e5a2949adef4034956434' value='Mehr'><input type='hidden' id='bg-show-less-text-69e5a2949adef4034956434' value='Weniger'><a id='bg-showmore-action-69e5a2949adef4034956434' class='bg-showmore-plg-link bg-arrow '  style=\" color:#4a4949;;\" href='#'>Mehr<\/a><\/p>\n<div id='bg-showmore-hidden-69e5a2949adef4034956434' > Die Erfolge sind oft beeindruckend und kommen dabei rasch zustande, denn der K\u00f6rper reagiert auf das Schr\u00f6pfen am richtigen Ort innerhalb von Stunden. Ziel des Schr\u00f6pfens ist es, die Selbstheilungskr\u00e4fte des Organismus zu st\u00e4rken oder erst in Gang zu setzen, wenn dieser von sich aus dazu nicht imstande ist. Durch das Schr\u00f6pfen werden die M\u00f6glichkeiten, mit denen der K\u00f6rper zur Abwehr von Krankheiten von Natur aus ausgestattet ist, angeregt und unterst\u00fctzt.<\/p>\n<p><strong>Wirkung des Schr\u00f6pfens<\/strong><\/p>\n<p>Das Schr\u00f6pfen besteht aus den beiden Komponenten<\/p>\n<ul>\n<li>Segmenttherapie<\/li>\n<li>Umstimmungstherapie<\/li>\n<\/ul>\n<p>Schr\u00f6pfen ist erfolgversprechend bei:<br \/> Atemwegserkrankungen, Verdauungsbeschwerden, Erk\u00e4ltungskrankheiten, Verspannungen im ganzen R\u00fcckenbereich, Blasenentz\u00fcndungen, Gelenkserkrankungen, Ischias, Energiemangel, Regelung der S\u00e4uren-\/Basenverh\u00e4ltnisse, St\u00e4rkung des Immunsystems.<\/p>\n<p>Schr\u00f6pfen empfiehlt sich vor allem im Herbst\/Winter als Prophylaxe, um das Immunsystem zu st\u00e4rken und im Fr\u00fchling als Entgiftungstherapie\/Fr\u00fchlingsputz des K\u00f6rpers. Nat\u00fcrlich kann man es auch durch das ganze Jahr hindurch anwenden.<\/p>\n<\/div>\n<\/div>\n<\/div>\n<\/div><\/div><\/div><div id=\"pgc-21-0-2\"  class=\"panel-grid-cell\" ><div id=\"panel-21-0-2-0\" class=\"so-panel widget widget_sow-image panel-first-child\" data-index=\"4\" ><div class=\"so-widget-sow-image so-widget-sow-image-default-d6014b76747a\">\n\n<div class=\"sow-image-container\">\n\t<img src=\"https:\/\/handmitherz-massagen.ch\/wp-content\/uploads\/2017\/12\/Fussreflex_ohne-FS-272x182.jpg\" width=\"272\" height=\"182\" srcset=\"https:\/\/handmitherz-massagen.ch\/wp-content\/uploads\/2017\/12\/Fussreflex_ohne-FS-272x182.jpg 272w, https:\/\/handmitherz-massagen.ch\/wp-content\/uploads\/2017\/12\/Fussreflex_ohne-FS-300x201.jpg 300w, https:\/\/handmitherz-massagen.ch\/wp-content\/uploads\/2017\/12\/Fussreflex_ohne-FS-768x514.jpg 768w, https:\/\/handmitherz-massagen.ch\/wp-content\/uploads\/2017\/12\/Fussreflex_ohne-FS-1024x685.jpg 1024w\" sizes=\"(max-width: 272px) 100vw, 272px\" title=\"OLYMPUS DIGITAL CAMERA\" alt=\"\" \t\tclass=\"so-widget-image\"\/>\n<\/div>\n\n<\/div><\/div><div id=\"panel-21-0-2-1\" class=\"so-panel widget widget_sow-editor panel-last-child\" data-index=\"5\" ><div class=\"so-widget-sow-editor so-widget-sow-editor-base\">\n<div class=\"siteorigin-widget-tinymce textwidget\">\n\t<p><strong>Fussreflexzonenmassage neu mit energetischen Teilen<\/strong><\/p>\n<p>Zwischen den F\u00fcssen und den inneren Organen bestehen Verbindungen, davon wird bei der Fussreflexzonenmassage ausgegangen.<\/p>\n<div class=\"bg-margin-for-link\"><input type='hidden' bg_collapse_expand='69e5a2949b0f90078818465' value='69e5a2949b0f90078818465'><input type='hidden' id='bg-show-more-text-69e5a2949b0f90078818465' value='Mehr'><input type='hidden' id='bg-show-less-text-69e5a2949b0f90078818465' value='Weniger'><a id='bg-showmore-action-69e5a2949b0f90078818465' class='bg-showmore-plg-link bg-arrow '  style=\" color:#4a4949;;\" href='#'>Mehr<\/a><\/p>\n<div id='bg-showmore-hidden-69e5a2949b0f90078818465' >\n<p>Man geht bei der Fussreflexzonentherapie von Druckpunkten aus, welche elektrobiologische Verbindungen zu \u00fcbrigen K\u00f6rperteilen wie Organe, Gef\u00e4sse, Muskeln, Dr\u00fcsen usw. haben. Somit ist ein nat\u00fcrlicher Regenerationsmechanismus gegeben. Am ganzen K\u00f6rper sind Reflexzonen zu finden. Die meisten befinden sich an den Ohren, H\u00e4nden und F\u00fcssen. Durch Daumen- oder Fingerdruck gibt man einen Reiz auf die Reflexzonen, der sich dann auf die entsprechenden Organe oder K\u00f6rperteile auswirkt. Es entsteht eine bessere Durchblutung, dementsprechend auch bei dem zugeh\u00f6rigen Organ. Somit k\u00f6nnen z.\u00a0B. Stoffwechselendprodukte besser aus dem K\u00f6rper ausgeschieden werden.<\/p>\n<\/div>\n<\/div>\n<\/div>\n<\/div><\/div><\/div><\/div><div id=\"pg-21-1\"  class=\"panel-grid panel-no-style\" ><div id=\"pgc-21-1-0\"  class=\"panel-grid-cell\" ><div id=\"panel-21-1-0-0\" class=\"so-panel widget widget_sow-image panel-first-child\" data-index=\"6\" ><div class=\"so-widget-sow-image so-widget-sow-image-default-d6014b76747a\">\n\n<div class=\"sow-image-container\">\n\t<img src=\"https:\/\/handmitherz-massagen.ch\/wp-content\/uploads\/2017\/12\/IMG-20171213-WA0010-272x182.jpg\" width=\"272\" height=\"182\" sizes=\"(max-width: 272px) 100vw, 272px\" alt=\"\" \t\tclass=\"so-widget-image\"\/>\n<\/div>\n\n<\/div><\/div><div id=\"panel-21-1-0-1\" class=\"so-panel widget widget_sow-editor panel-last-child\" data-index=\"7\" ><div class=\"so-widget-sow-editor so-widget-sow-editor-base\">\n<div class=\"siteorigin-widget-tinymce textwidget\">\n\t<p><strong>Hot-Stone-Massage <\/strong><\/p>\n<p>Warme Steine, wohlduftende \u00d6le und eine entspannte Atmosph\u00e4re.\u00a0\u00a0<\/p>\n<div class=\"bg-margin-for-link\"><input type='hidden' bg_collapse_expand='69e5a2949b3eb2068947586' value='69e5a2949b3eb2068947586'><input type='hidden' id='bg-show-more-text-69e5a2949b3eb2068947586' value='Mehr'><input type='hidden' id='bg-show-less-text-69e5a2949b3eb2068947586' value='Weniger'><a id='bg-showmore-action-69e5a2949b3eb2068947586' class='bg-showmore-plg-link bg-arrow '  style=\" color:#4a4949;;\" href='#'>Mehr<\/a><\/p>\n<div id='bg-showmore-hidden-69e5a2949b3eb2068947586' >\n<p>Hot-Stone-Massage f\u00fchrt auf eine jahrhundertealte Tradition zur\u00fcck, welche besagt, dass zugef\u00fchrte W\u00e4rme auf den K\u00f6rper sehr heilungsf\u00f6rdernd wirken kann. Die Anwendung von heissen, wie auch von kalten Steinen (Lavasteine, Edelsteine) auf Chakren, Meridianen und Akupunkturpunkten ist sehr gut bei:<\/p>\n<ul>\n<li>Bei Durchblutungsst\u00f6rungen (kalte F\u00fcsse und H\u00e4nde) f\u00f6rdert die Massage den Stoffwechselabtransport von Abbaustoffen des K\u00f6rpers<\/li>\n<li>St\u00e4rkung des Lymphflusses (Verbesserung des Immunsystems)<\/li>\n<li>L\u00f6sen von Muskelverspannungen (R\u00fcckenschmerzen, Sportverletzungen, Muskulatur)<\/li>\n<li>Div. Frauenleiden<\/li>\n<li>Stressabbau<\/li>\n<li>Schlaflosigkeit<\/li>\n<li>Verdauungsprobleme (Obstipation)<\/li>\n<li>Regulierung der Chakren (Energiespiralen)<\/li>\n<li>Bringt die Energie in den Meridianen zum Fliessen<\/li>\n<\/ul>\n<p>Durch den sofort sp\u00fcrbaren Stressabbau und die Verbesserung des Energieflusses, kommt der Klient bei einer Hot-Stone Massage in eine Tiefenentspannung.<\/p>\n<\/div>\n<\/div>\n<\/div>\n<\/div><\/div><\/div><div id=\"pgc-21-1-1\"  class=\"panel-grid-cell panel-grid-cell-mobile-last\" ><div id=\"panel-21-1-1-0\" class=\"so-panel widget widget_sow-image panel-first-child\" data-index=\"8\" ><div class=\"so-widget-sow-image so-widget-sow-image-default-d6014b76747a\">\n\n<div class=\"sow-image-container\">\n\t<img src=\"https:\/\/handmitherz-massagen.ch\/wp-content\/uploads\/2017\/07\/Mediales-Arbeiten-272x182.jpg\" width=\"272\" height=\"182\" sizes=\"(max-width: 272px) 100vw, 272px\" title=\"Mediales Arbeiten\" alt=\"\" \t\tclass=\"so-widget-image\"\/>\n<\/div>\n\n<\/div><\/div><div id=\"panel-21-1-1-1\" class=\"so-panel widget widget_sow-editor panel-last-child\" data-index=\"9\" ><div class=\"so-widget-sow-editor so-widget-sow-editor-base\">\n<div class=\"siteorigin-widget-tinymce textwidget\">\n\t<p><strong>Mediales Arbeiten<\/strong><\/p>\n<p>Beim medialen Arbeiten macht man sich die universelle-kosmische Energie zu Nutze. Denn alles ist Energie - das wusste schon Albert Einstein. <\/p>\n<div class=\"bg-margin-for-link\"><input type='hidden' bg_collapse_expand='69e5a2949b6be7001770619' value='69e5a2949b6be7001770619'><input type='hidden' id='bg-show-more-text-69e5a2949b6be7001770619' value='Mehr'><input type='hidden' id='bg-show-less-text-69e5a2949b6be7001770619' value='Weniger'><a id='bg-showmore-action-69e5a2949b6be7001770619' class='bg-showmore-plg-link bg-arrow '  style=\" color:#4a4949;;\" href='#'>Mehr<\/a><\/p>\n<div id='bg-showmore-hidden-69e5a2949b6be7001770619' >\n<p>Mediales Arbeiten ist eine andere und interessante Form von Therapie nebst Schulmedizin und Naturheilkunde. Gerne erz\u00e4hle ich mehr davon bei einem pers\u00f6nlichen Gespr\u00e4ch, wenn erw\u00fcnscht.<\/p>\n<\/div>\n<\/div>\n<\/div>\n<\/div><\/div><\/div><div id=\"pgc-21-1-2\"  class=\"panel-grid-cell panel-grid-cell-empty\" ><\/div><\/div><div id=\"pg-21-2\"  class=\"panel-grid panel-no-style\" ><div id=\"pgc-21-2-0\"  class=\"panel-grid-cell\" ><div id=\"panel-21-2-0-0\" class=\"so-panel widget widget_sow-editor panel-first-child panel-last-child\" data-index=\"10\" ><div class=\"so-widget-sow-editor so-widget-sow-editor-base\">\n<div class=\"siteorigin-widget-tinymce textwidget\">\n\t<p><strong>Energetische Massage<\/strong><\/p>\n<p>Ziel der Energetischen Massage ist durch sanfte Ber\u00fchrungen eine tiefe Entspannung und Erleichterung auf seelischer und psychischer Ebene zu erzielen. Das Wohlbefinden wird gesteigert und damit sie Selbstheilungskr\u00e4fte aktiviert. Es wirkt zudem regenerierend aud den K\u00f6rper und den nat\u00fcrlichen Energiekreislauf. Es kann Spannungen und Blockaden aufl\u00f6sen.<\/p>\n<p>Energetische Massagen k\u00f6nnen auch helfen bei...<\/p>\n<ul>\n<li>Schlafst\u00f6rungen<\/li>\n<li>Trauer<\/li>\n<li>Stress<\/li>\n<li>Nervosit\u00e4t<\/li>\n<li>Angst<\/li>\n<\/ul>\n<\/div>\n<\/div><\/div><\/div><\/div><\/div>","protected":false},"excerpt":{"rendered":"<p>Klassische Massage neu mit energetischen Teilen Die klassische Massage wird zur Vorbeugung und Behandlung von Erkrankungen des Bewegungsapparates eingesetzt. Schr\u00f6pfen Schr\u00f6pfen ist eine wirksame M\u00f6glichkeit der Naturheilmedizin gegen viele Krankheiten oder Beschwerden. Fussreflexzonenmassage neu mit energetischen Teilen Zwischen den F\u00fcssen &hellip; <a href=\"https:\/\/handmitherz-massagen.ch\/?page_id=21\">Weiter<\/a><\/p>\n","protected":false},"author":1,"featured_media":0,"parent":0,"menu_order":0,"comment_status":"closed","ping_status":"closed","template":"page-fullwidth.php","meta":[],"_links":{"self":[{"href":"https:\/\/handmitherz-massagen.ch\/index.php?rest_route=\/wp\/v2\/pages\/21"}],"collection":[{"href":"https:\/\/handmitherz-massagen.ch\/index.php?rest_route=\/wp\/v2\/pages"}],"about":[{"href":"https:\/\/handmitherz-massagen.ch\/index.php?rest_route=\/wp\/v2\/types\/page"}],"author":[{"embeddable":true,"href":"https:\/\/handmitherz-massagen.ch\/index.php?rest_route=\/wp\/v2\/users\/1"}],"replies":[{"embeddable":true,"href":"https:\/\/handmitherz-massagen.ch\/index.php?rest_route=%2Fwp%2Fv2%2Fcomments&post=21"}],"version-history":[{"count":192,"href":"https:\/\/handmitherz-massagen.ch\/index.php?rest_route=\/wp\/v2\/pages\/21\/revisions"}],"predecessor-version":[{"id":678,"href":"https:\/\/handmitherz-massagen.ch\/index.php?rest_route=\/wp\/v2\/pages\/21\/revisions\/678"}],"wp:attachment":[{"href":"https:\/\/handmitherz-massagen.ch\/index.php?rest_route=%2Fwp%2Fv2%2Fmedia&parent=21"}],"curies":[{"name":"wp","href":"https:\/\/api.w.org\/{rel}","templated":true}]}}